 27 = 0. Let b = s + f. Is b a prime number?
True
Let b be (-25)/(-6) - (-2)/(-12). Suppose 5*s = 2*n - 8, 0*s - 4*s = b*n - 16. Is (46/6)/(n/12) prime?
True
Is -3*((-628)/6 + -1) prime?
True
Let t = -33 - -70. Is t a composite number?
False
Let o(c) = -c**3 - 8*c**2 - 4*c - 9. Suppose -2*t = -4*s, -t + 3*s - 4 = t. Is o(t) prime?
True
Let z = -106 - -233. Is z prime?
True
Suppose 0 = 2*f + 3*w - 4*w + 47, w - 113 = 5*f. Let s = f + 101. Is s a prime number?
True
Suppose 2*p + 55 + 173 = 4*u, -3*u + 5*p = -157. Is u prime?
True
Let w(b) = -b**2 - 17*b - 5. Is w(-8) composite?
False
Let w be 2 + (-2)/3*3. Suppose h = -3 + 5. Suppose w*r = h*r - 518. Is r prime?
False
Let a(c) = 2*c + 4*c - 2*c + 2 - 3 + c**2. Is a(-8) a prime number?
True
Let f(p) = 106*p - 5. Is f(4) a prime number?
True
Let r = -285 + 12940. Is r a prime number?
False
Suppose -4*h + 10 = -6. Suppose -7*p + 2*p = -a - 172, -h*a + 12 = 0. Is p a prime number?
False
Suppose 0 = -6*l + 11*l. Suppose l*r - 2*r = -4*t - 126, 363 = 5*r + 2*t. Is r prime?
True
Suppose 5*j - 634 = -2*c, 4*c + 4*j - 1165 - 103 = 0. Is c a composite number?
False
Is (97/(-2))/((-12)/72) prime?
False
Let o = 2168 - 1279. Is o a prime number?
False
Suppose -5*i = -3*i - 4. Suppose i*g = -0*g - 3*p + 145, 5*p + 300 = 5*g. Is g prime?
False
Let v = 2 + -2. Suppose v = 2*s - 2 - 10. Suppose 0 = -s*u + 5*u + 19. Is u composite?
False
Suppose -q - 3*q - 40 = 0. Is 6/10 - 24/q a composite number?
False
Let s(z) = -4*z**3 + 12*z**2 + 17*z + 10. Let f(a) = -5*a**3 + 11*a**2 + 17*a + 10. Let i(t) = -3*f(t) + 4*s(t). Is i(15) composite?
True
Let y = 9 - 7. Suppose 5*n + 27 = y*n. Is (-165)/(-9) - 6/n composite?
False
Suppose c - 776 = -4*f - 3*c, -5*f = 3*c - 962. Let w = -28 + f. Suppose 29 = n - w. Is n composite?
False
Suppose 0 = 3*o + 6*r - 2*r + 14, 2*o + 3*r + 11 = 0. Suppose -o*q - 38 = -4*q. Is q composite?
False
Let h = -155 + 286. Suppose 2*u + h = 3*n, -2*n + 3*u - 40 = -3*n. Is (-7)/21 - n/(-3) composite?
True
Let w be (-56)/(-10) + (-4)/(-10). Let a(i) = -i**3 + 7*i**2 - 4*i + 7. Is a(w) a prime number?
True
Suppose -5*t = -2*v + 3*v + 468, -2*v = 2*t + 184. Suppose 0 = 8*r + r + 153. Let f = r - t. Is f a prime number?
False
Suppose 0 = 4*n - 49 - 507. Is n composite?
False
Suppose -38 = -5*d + 12. Let r be (-4)/(-6) - (-14)/(-3). Is (1 + (-6)/r)*d a prime number?
False
Suppose -2*l + 5262 = -4*y, -3*l + 3*y + 0*y = -7896. Is l prime?
True
Is -2 - (2 + 163)/(-1) composite?
False
Let s = 57 + -33. Is (4/(-5))/(s/(-1740)) prime?
False
Let t(g) = -g**3 - 11*g**2 - 11*g - 10. Let i be t(-10). Suppose s + i*s = 163. Is s prime?
True
Suppose -6*o + 3*o + 2*p = -2941, 0 = -2*o - 4*p + 1982. Is o a composite number?
False
Suppose -5*d - 5 = -v, 5*v + d = 3*v + 10. Suppose v*m - 227 = -4*r - 70, m - 4*r = 41. Is m a composite number?
True
Suppose 10 = -f + 3*f. Let b = f - -17. Is b a composite number?
True
Let c = -5 + 8. Is c/6*-2 - -84 prime?
True
Let q(s) = 9*s**2 - 4*s - 20. Is q(-9) composite?
True
Let m be (-2)/4 - 18/(-4). Suppose -17 - m = -3*z. Is z a prime number?
True
Let o = -6 - -4. Let x(w) = -w**3 - 2*w**2 - 2*w + 1. Let i be x(o). Suppose m - 44 = -i*s, -s + m = -0*s - 10. Is s composite?
True
Is (4064/(-48))/((-2)/3) prime?
True
Let k be (-4)/18 + 74/9. Let g = k + -13. Let r = 6 - g. Is r a composite number?
False
Let g(n) = n**2 - 6*n + 1. Suppose -14 = -4*p + 10. Let i be g(p). Is 7/(-3)*(-2 - i) a composite number?
False
Let d(r) = -r**2 - 7*r - 3. Let k be d(-6). Let x = 69 - k. Is ((-35)/(-15))/(2/x) prime?
False
Let v(q) = -q**2 + 9*q + 1. Let j be v(5). Suppose -2*x - j = 5*w, -20 + 8 = w + 3*x. Let g(r) = -10*r + 1. Is g(w) a prime number?
True
Suppose 0 = -5*u - 12 - 3. Let c be 2 - -3*(-2)/6. Is 6/u - c*-21 prime?
True
Is (-3 - -1) + 1900 + (6 - 3) prime?
True
Suppose -4*w - 3*w = -9926. Is w a composite number?
True
Suppose m - 132 = -12. Let o(a) = -3*a - 2. Let y be o(-2). Suppose 0 = y*i - 2*h - 109 - 17, 4*i = 4*h + m. Is i composite?
True
Let i(r) = -10*r - 7. Is i(-3) a composite number?
False
Let g = -6 - -10. Suppose -g*w = -2*c + w + 106, 4*c - 236 = -2*w. Is c a prime number?
False
Let f be 2/(2/15) - 3. Suppose 6*r - 2*r = 4. Is 699/f + r/(-4) prime?
False
Suppose -4*i - 14 = -2*d, i = -2*d + 4*i + 18. Suppose 0 = p + 4*p - d. Suppose p*v = -v + 136. Is v composite?
True
Let j(l) be the second derivative of -l**5/20 + l**4/12 + 69*l**2/2 + l. Is j(0) composite?
True
Is (5273/2)/((-24)/(-48)) a prime number?
True
Is 89 + ((-4)/(-4) + -1)/2 a composite number?
False
Let o = -7 + 11. Suppose -o*l + 4*b - 5*b = -10, 15 = 3*l - 3*b. Suppose u + 356 = 4*a, 356 = 4*a - 2*u - l*u. Is a composite?
False
Let v(y) = -11*y - 2. Is v(-1) a prime number?
False
Let q(z) = z**3 + z**2 + z - 26. Let m be q(0). Let v = m - -85. Is v composite?
False
Suppose 0 = 7*v - 3*v - 88. Suppose -x - 7 = -3*a, 1 = 5*a + 4*x - v. Suppose -a*d + 15 = -6. Is d prime?
True
Let g be 14 - -1 - (-4 + 2). Suppose -3*u + g = 4*t + t, -5*t - u + 9 = 0. Is t - (-12)/1*1 prime?
True
Is (-5)/(30/(-12)) + 443/1 a prime number?
False
Let o(b) = 3 - 93*b + 62*b - 73*b. Is o(-2) prime?
True
Suppose -391 + 1346 = 5*q. Is q composite?
False
Suppose 0 = 3*g + 3*g - 30. Suppose 4*o - 120 = -g*p, -o + 2*p - 108 = -5*o. Is o a composite number?
True
Let c(j) = 17*j**2 - 17*j - 5. Is c(-8) a prime number?
False
Let g = 511 + 1680. Is g a composite number?
True
Let n = -76 + 397. Is n a composite number?
True
Suppose -3*n + 3 = -6. Let x be 196/(-3) - n/(-9). Is 4 + (-2)/1 - x a composite number?
False
Is 2/(-7) + 16068/84 prime?
True
Let i be (-21)/(-35) - 76/10. Let c(y) = -y**2 - 3 + 2*y**2 + 9. Is c(i) composite?
True
Let h = 152 - 63. Is h prime?
True
Let z = 1675 - -1278. Is z a composite number?
False
Let f = 20 - 14. Suppose 83 = k + f. Is k composite?
True
Let f(i) be the second derivative of 5*i**3/3 + i**2/2 + i. Is f(3) composite?
False
Let d = -352 - -587. Is d composite?
True
Is (-9)/(-18)*586/1 a prime number?
True
Let k = 2 - 11. Let a = 1 - k. Is a prime?
False
Suppose 2*q - 4*h - 25 = q, 37 = 5*q + 2*h. Is (7/(-3))/((-3)/q) a composite number?
False
Let l(r) = r - 4. Suppose 5*c = 5*p + 20, 3*c - p - 11 = p. Let z be l(c). Let m = 12 + z. Is m composite?
False
Let b(z) = 4*z**3 - 6*z**2 + z + 4. Is b(5) a prime number?
True
Let b(i) = -1003*i + 6. Is b(-1) composite?
False
Let l(z) = -z**3 + 3*z**2 - 4*z + 4. Let o be l(5). Let j = -23 + 14. Is (o/j)/(-2)*-3 composite?
False
Is 3*1/(-3) + 240 a composite number?
False
Suppose 0 = 3*x - 27 - 30. Suppose 86 = 5*k - x. Let d = 31 - k. Is d composite?
True
Let t = 220 - 326. Let m be t/3 - 14/21. Let l = m + 61. Is l a prime number?
False
Let m be (-2)/(-2) - 0 - -1. Suppose -5*z + 2567 = 747. Suppose -m*y = 2*y - z. Is y prime?
False
Suppose -4*p + 135 = -49. Suppose 4*f - 286 - p = 0. Is f composite?
False
Let j be (-2)/(-9) - 136/(-36). Suppose 0 = 2*u - j*u + 424. Suppose 0*v + u = 4*v. Is v a composite number?
False
Suppose -v = 2*t - 1931, 2*v - 3*t - 3832 = -t. Let d = v + -1298. Is d composite?
True
Let v be (-2 - -4)*(-2)/(-4). Suppose -5*y = 4 + v. Is 51/3*2 - y a prime number?
False
Suppose 3 = -k + 5*g, g + 3*g - 8 = -2*k. Is 57*k/(6/11) a prime number?
False
Let f = -7 + 9. Let w be (0/f)/2 + 227. Suppose -3*m - 2*g + 4*g = -w, 3*g - 410 = -5*m. Is m prime?
True
Let t(l) = 66*l**2 - 2*l + 1. Let q be (-21)/35 - 46/(-10). Is t(q) composite?
False
Suppose 222 + 30 = 2*p. Let t = 205 - p. Is t a composite number?
False
Let h = 117 + 86. Is h composite?
True
Is 764*(1 + 2/(-24)*-3) a composite number?
True
Suppose -2*x = -4*d - 14, 2*x = -x - 3*d + 12. Suppose 2*v = 4*v - 2*q - 98, x*q = 0. Is v a composite number?
True
Let p = 112 - -15. Is p composite?
False
Let g(p) = -1 + 2*p - 3*p**3 + 3*p**3 - 9*p**3 + 4*p**2. Suppose -5*l - 13 = -3. Is g(l) composite?
False
Let j(b) = -4*b**2 + 2*b**2 + 5*b**2 - 1 - 2*b. Let u be j(-1). Suppose 2*i = -4*a - 86 + 446, u*i - 275 = -3*a. Is a a composite number?
False
Let g(r) = -4*r - 4. Let v be g(-2). Suppose -2*y - 4*q + 42 = -6*q, v*y - q - 78 = 0. Is y composite?
False
Suppose -110 = 2*m - 650. Suppose 0*a + 5*a = -10, -3*a = 4*d - m. Is d composite?
True
Let v(s) = 2*s + 1. Let u be v(-1). Let o be u